-- https://www.phpmyadmin.net/
--

START TRANSACTION;



--
-- Database: `azadrent`
--

-- --------------------------------------------------------

--
-- Table structure for table `accounts`
--

CREATE TABLE `accounts` (
  `id` bigint(20) UNSIGNED NOT NULL,
  `code` varchar(255) COLLATE utf8mb4_unicode_ci DEFAULT NULL,
  `name` varchar(255) COLLATE utf8mb4_unicode_ci NOT NULL,
  `opening_balance` double NOT NULL,
  `balance` double NOT NULL,
  `type` tinyint(4) NOT NULL,
  `parent` tinyint(4) NOT NULL,
  `status` tinyint(4) NOT NULL,
  `user_id` bigint(20) UNSIGNED NOT NULL,
  `created_at` timestamp NULL DEFAULT NULL,
  `updated_at` timestamp NULL DEFAULT NULL
) ENGINE=InnoDB DEFAULT CHARSET=utf8mb4 COLLATE=utf8mb4_unicode_ci;

-- --------------------------------------------------------

--
-- Table structure for table `banks`
--

CREATE TABLE `banks` (
  `id` bigint(20) UNSIGNED NOT NULL,
  `name` varchar(255) COLLATE utf8mb4_unicode_ci NOT NULL,
  `short_code` varchar(255) COLLATE utf8mb4_unicode_ci NOT NULL,
  `branch` varchar(255) COLLATE utf8mb4_unicode_ci NOT NULL,
  `swift` varchar(255) COLLATE utf8mb4_unicode_ci DEFAULT NULL,
  `iban` varchar(255) COLLATE utf8mb4_unicode_ci DEFAULT NULL,
  `email` varchar(255) COLLATE utf8mb4_unicode_ci DEFAULT NULL,
  `phone` varchar(255) COLLATE utf8mb4_unicode_ci DEFAULT NULL,
  `website` varchar(255) COLLATE utf8mb4_unicode_ci DEFAULT NULL,
  `address` text COLLATE utf8mb4_unicode_ci NOT NULL,
  `created_at` timestamp NULL DEFAULT NULL,
  `updated_at` timestamp NULL DEFAULT NULL
) ENGINE=InnoDB DEFAULT CHARSET=utf8mb4 COLLATE=utf8mb4_unicode_ci;

-- --------------------------------------------------------

--
-- Table structure for table `failed_jobs`
--

CREATE TABLE `failed_jobs` (
  `id` bigint(20) UNSIGNED NOT NULL,
  `uuid` varchar(255) COLLATE utf8mb4_unicode_ci NOT NULL,
  `connection` text COLLATE utf8mb4_unicode_ci NOT NULL,
  `queue` text COLLATE utf8mb4_unicode_ci NOT NULL,
  `payload` longtext COLLATE utf8mb4_unicode_ci NOT NULL,
  `exception` longtext COLLATE utf8mb4_unicode_ci NOT NULL,
  `failed_at` timestamp NOT NULL DEFAULT current_timestamp()
) ENGINE=InnoDB DEFAULT CHARSET=utf8mb4 COLLATE=utf8mb4_unicode_ci;

-- --------------------------------------------------------

--
-- Table structure for table `floors`
--

CREATE TABLE `floors` (
  `id` bigint(20) UNSIGNED NOT NULL,
  `house_id` bigint(20) UNSIGNED NOT NULL,
  `name` varchar(255) COLLATE utf8mb4_unicode_ci NOT NULL,
  `area_sf` varchar(255) COLLATE utf8mb4_unicode_ci NOT NULL,
  `type` varchar(255) COLLATE utf8mb4_unicode_ci NOT NULL,
  `status` tinyint(4) NOT NULL,
  `user_id` bigint(20) UNSIGNED NOT NULL,
  `deleted_at` timestamp NULL DEFAULT NULL,
  `created_at` timestamp NULL DEFAULT NULL,
  `updated_at` timestamp NULL DEFAULT NULL
) ENGINE=InnoDB DEFAULT CHARSET=utf8mb4 COLLATE=utf8mb4_unicode_ci;

--
-- Dumping data for table `floors`
--

INSERT INTO `floors` (`id`, `house_id`, `name`, `area_sf`, `type`, `status`, `user_id`, `deleted_at`, `created_at`, `updated_at`) VALUES
(1, 1, 'Floor-1', '5345', '2', 1, 3, NULL, '2023-02-20 23:06:27', '2023-02-22 20:18:09'),
(2, 1, 'Floor-2', '3434', '1', 1, 3, NULL, '2023-02-20 23:07:02', '2023-02-22 20:18:05'),
(3, 2, 'Floor-1', '2342', '1', 1, 3, NULL, '2023-02-20 23:07:29', '2023-02-20 23:07:29'),
(4, 2, 'Floor-2', '2342', '3', 1, 3, NULL, '2023-02-20 23:07:44', '2023-02-20 23:07:44');

-- --------------------------------------------------------

--
-- Table structure for table `houses`
--

CREATE TABLE `houses` (
  `id` bigint(20) UNSIGNED NOT NULL,
  `name` varchar(255) COLLATE utf8mb4_unicode_ci NOT NULL,
  `type` varchar(255) COLLATE utf8mb4_unicode_ci NOT NULL,
  `area_sf` varchar(255) COLLATE utf8mb4_unicode_ci NOT NULL,
  `status` tinyint(4) NOT NULL,
  `user_id` bigint(20) UNSIGNED NOT NULL,
  `deleted_at` timestamp NULL DEFAULT NULL,
  `created_at` timestamp NULL DEFAULT NULL,
  `updated_at` timestamp NULL DEFAULT NULL
) ENGINE=InnoDB DEFAULT CHARSET=utf8mb4 COLLATE=utf8mb4_unicode_ci;

--
-- Dumping data for table `houses`
--

INSERT INTO `houses` (`id`, `name`, `type`, `area_sf`, `status`, `user_id`, `deleted_at`, `created_at`, `updated_at`) VALUES
(1, 'House-1', '2', '2342', 1, 3, NULL, '2023-02-18 10:46:37', '2023-02-22 06:02:41'),
(2, 'House-2', '1', '5343', 1, 3, NULL, '2023-02-18 10:50:18', '2023-02-20 23:50:32');

-- --------------------------------------------------------

--
-- Table structure for table `house_rents`
--

CREATE TABLE `house_rents` (
  `id` bigint(20) UNSIGNED NOT NULL,
  `batch` bigint(20) UNSIGNED NOT NULL,
  `master_invoice_id` varchar(255) COLLATE utf8mb4_unicode_ci NOT NULL,
  `invoice` varchar(255) COLLATE utf8mb4_unicode_ci NOT NULL,
  `posting_date` date NOT NULL,
  `month` int(11) NOT NULL,
  `year` int(11) NOT NULL,
  `date` date NOT NULL,
  `tenant_id` bigint(20) UNSIGNED NOT NULL,
  `tenant_house_id` bigint(20) UNSIGNED NOT NULL,
  `rent_head_id` bigint(20) UNSIGNED NOT NULL,
  `unit` double(8,2) NOT NULL,
  `ppu` double(8,2) NOT NULL,
  `amount` double(8,2) NOT NULL,
  `status` tinyint(4) NOT NULL,
  `user_id` bigint(20) UNSIGNED NOT NULL,
  `remarks` varchar(255) COLLATE utf8mb4_unicode_ci NOT NULL,
  `created_at` timestamp NULL DEFAULT NULL,
  `updated_at` timestamp NULL DEFAULT NULL
) ENGINE=InnoDB DEFAULT CHARSET=utf8mb4 COLLATE=utf8mb4_unicode_ci;

-- --------------------------------------------------------

--
-- Table structure for table `increments`
--

CREATE TABLE `increments` (
  `id` bigint(20) UNSIGNED NOT NULL,
  `date` date NOT NULL,
  `tenant_id` bigint(20) UNSIGNED NOT NULL,
  `house_id` bigint(20) UNSIGNED NOT NULL,
  `floor_id` bigint(20) UNSIGNED NOT NULL,
  `unit_id` bigint(20) UNSIGNED NOT NULL,
  `sf` double(8,2) NOT NULL,
  `ppsf` double(8,2) NOT NULL,
  `new_ppsf` double(8,2) NOT NULL,
  `new_rent` double(8,2) NOT NULL,
  `previous_rent` double(8,2) NOT NULL,
  `user_id` bigint(20) UNSIGNED NOT NULL,
  `created_at` timestamp NULL DEFAULT NULL,
  `updated_at` timestamp NULL DEFAULT NULL
) ENGINE=InnoDB DEFAULT CHARSET=utf8mb4 COLLATE=utf8mb4_unicode_ci;

-- --------------------------------------------------------

--
-- Table structure for table `janitors`
--

CREATE TABLE `janitors` (
  `id` bigint(20) UNSIGNED NOT NULL,
  `name` varchar(255) COLLATE utf8mb4_unicode_ci NOT NULL,
  `house_id` bigint(20) UNSIGNED NOT NULL,
  `code` varchar(255) COLLATE utf8mb4_unicode_ci NOT NULL,
  `age` int(11) NOT NULL,
  `mobile` varchar(20) COLLATE utf8mb4_unicode_ci NOT NULL,
  `nid` bigint(20) UNSIGNED NOT NULL,
  `nid_attachments` longtext CHARACTER SET utf8mb4 COLLATE utf8mb4_bin NOT NULL CHECK (json_valid(`nid_attachments`)),
  `present_address` text COLLATE utf8mb4_unicode_ci DEFAULT NULL,
  `permanent_address` text COLLATE utf8mb4_unicode_ci DEFAULT NULL,
  `status` tinyint(4) NOT NULL,
  `user_id` bigint(20) UNSIGNED NOT NULL,
  `deleted_at` timestamp NULL DEFAULT current_timestamp(),
  `created_at` timestamp NULL DEFAULT NULL,
  `updated_at` timestamp NULL DEFAULT NULL
) ENGINE=InnoDB DEFAULT CHARSET=utf8mb4 COLLATE=utf8mb4_unicode_ci;

--
-- Dumping data for table `janitors`
--

INSERT INTO `janitors` (`id`, `name`, `house_id`, `code`, `age`, `mobile`, `nid`, `nid_attachments`, `present_address`, `permanent_address`, `status`, `user_id`, `deleted_at`, `created_at`, `updated_at`) VALUES
(3, 'Kaisir Ahmed Oly', 2, '87278', 32, '4532523452', 1593701719622, '[{\"mime\":\"png\",\"name\":\"digital soft IT\",\"destination\":\"uploads\\/janitors\\/digital soft IT.png\",\"dimension\":\"100 X 100\",\"size\":\"10.90 KB\",\"date\":\"2023-02-23\"},{\"mime\":\"jpg\",\"name\":\"1625844590530\",\"destination\":\"uploads\\/janitors\\/1625844590530.jpg\",\"dimension\":\"200 X 200\",\"size\":\"7.46 KB\",\"date\":\"2023-02-23\"}]', 'Mirpur-1', 'Mirpur-1', 1, 3, NULL, '2023-02-23 10:29:01', '2023-02-23 10:29:01');

-- --------------------------------------------------------

--
-- Table structure for table `journals`
--

CREATE TABLE `journals` (
  `id` bigint(20) UNSIGNED NOT NULL,
  `date` date NOT NULL,
  `name` varchar(255) COLLATE utf8mb4_unicode_ci NOT NULL,
  `detail` text COLLATE utf8mb4_unicode_ci NOT NULL,
  `type` tinyint(4) NOT NULL,
  `status` tinyint(4) NOT NULL DEFAULT 1,
  `remarks` varchar(255) COLLATE utf8mb4_unicode_ci DEFAULT NULL,
  `post` varchar(255) COLLATE utf8mb4_unicode_ci DEFAULT NULL,
  `user_id` bigint(20) UNSIGNED NOT NULL,
  `created_at` timestamp NULL DEFAULT NULL,
  `updated_at` timestamp NULL DEFAULT NULL
) ENGINE=InnoDB DEFAULT CHARSET=utf8mb4 COLLATE=utf8mb4_unicode_ci;

-- --------------------------------------------------------

--
-- Table structure for table `journal_items`
--

CREATE TABLE `journal_items` (
  `id` bigint(20) UNSIGNED NOT NULL,
  `journal_id` bigint(20) UNSIGNED NOT NULL,
  `account_id` bigint(20) UNSIGNED NOT NULL,
  `name` bigint(20) UNSIGNED NOT NULL,
  `reference` varchar(255) COLLATE utf8mb4_unicode_ci DEFAULT NULL,
  `description` text COLLATE utf8mb4_unicode_ci DEFAULT NULL,
  `dr` double(8,2) NOT NULL,
  `cr` double(8,2) NOT NULL,
  `user_id` bigint(20) UNSIGNED NOT NULL,
  `created_at` timestamp NULL DEFAULT NULL,
  `updated_at` timestamp NULL DEFAULT NULL
) ENGINE=InnoDB DEFAULT CHARSET=utf8mb4 COLLATE=utf8mb4_unicode_ci;

-- --------------------------------------------------------

--
-- Table structure for table `master_invoices`
--

CREATE TABLE `master_invoices` (
  `id` bigint(20) UNSIGNED NOT NULL,
  `created_at` timestamp NULL DEFAULT NULL,
  `updated_at` timestamp NULL DEFAULT NULL
) ENGINE=InnoDB DEFAULT CHARSET=utf8mb4 COLLATE=utf8mb4_unicode_ci;

-- --------------------------------------------------------

--
-- Table structure for table `migrations`
--

CREATE TABLE `migrations` (
  `id` int(10) UNSIGNED NOT NULL,
  `migration` varchar(255) COLLATE utf8mb4_unicode_ci NOT NULL,
  `batch` int(11) NOT NULL
) ENGINE=InnoDB DEFAULT CHARSET=utf8mb4 COLLATE=utf8mb4_unicode_ci;

--
-- Dumping data for table `migrations`
--

INSERT INTO `migrations` (`id`, `migration`, `batch`) VALUES
(1, '2014_10_12_000000_create_users_table', 1),
(2, '2014_10_12_100000_create_password_resets_table', 1),
(3, '2019_08_19_000000_create_failed_jobs_table', 1),
(4, '2019_10_17_110654_create_password_reset_table', 1),
(5, '2019_12_14_000001_create_personal_access_tokens_table', 1),
(6, '2023_01_03_150829_create_houses_table', 1),
(7, '2023_01_03_151031_create_floors_table', 1),
(8, '2023_01_03_151400_create_units_table', 1),
(9, '2023_01_03_180023_create_janitors_table', 1),
(10, '2023_01_06_144732_create_tenants_table', 1),
(11, '2023_01_06_172716_create_rent_heads_table', 1),
(12, '2023_01_07_153643_create_rent_items_table', 1),
(13, '2023_01_08_032049_create_tenant_houses_table', 1),
(14, '2023_01_08_151148_create_payments_table', 1),
(15, '2023_01_08_173036_create_journals_table', 1),
(16, '2023_01_08_173049_create_banks_table', 1),
(17, '2023_01_10_195451_create_increments_table', 1),
(18, '2023_01_25_174103_create_accounts_table', 1),
(19, '2023_01_29_185420_create_journal_items_table', 1),
(20, '2023_02_09_155521_create_rent_profiles_table', 1),
(21, '2023_02_10_043600_create_house_rents_table', 1),
(22, '2023_02_17_034528_create_master_invoices_table', 1),
(23, '2023_02_17_102100_laratrust_setup_tables', 1);

-- --------------------------------------------------------

--
-- Table structure for table `password_reset`
--

CREATE TABLE `password_reset` (
  `email` varchar(255) COLLATE utf8mb4_unicode_ci NOT NULL,
  `token` varchar(255) COLLATE utf8mb4_unicode_ci NOT NULL,
  `created_at` timestamp NULL DEFAULT NULL
) ENGINE=InnoDB DEFAULT CHARSET=utf8mb4 COLLATE=utf8mb4_unicode_ci;

-- --------------------------------------------------------

--
-- Table structure for table `password_resets`
--

CREATE TABLE `password_resets` (
  `email` varchar(255) COLLATE utf8mb4_unicode_ci NOT NULL,
  `token` varchar(255) COLLATE utf8mb4_unicode_ci NOT NULL,
  `created_at` timestamp NULL DEFAULT NULL
) ENGINE=InnoDB DEFAULT CHARSET=utf8mb4 COLLATE=utf8mb4_unicode_ci;

-- --------------------------------------------------------

--
-- Table structure for table `payments`
--

CREATE TABLE `payments` (
  `id` bigint(20) UNSIGNED NOT NULL,
  `tenant_house_id` bigint(20) UNSIGNED NOT NULL,
  `date` date NOT NULL,
  `invoice` varchar(255) COLLATE utf8mb4_unicode_ci NOT NULL,
  `amount` double(8,2) NOT NULL,
  `arrear` double(8,2) NOT NULL,
  `surcharge` double(8,2) NOT NULL,
  `status` tinyint(4) NOT NULL,
  `user_id` bigint(20) UNSIGNED NOT NULL,
  `created_at` timestamp NULL DEFAULT NULL,
  `updated_at` timestamp NULL DEFAULT NULL
) ENGINE=InnoDB DEFAULT CHARSET=utf8mb4 COLLATE=utf8mb4_unicode_ci;

-- --------------------------------------------------------

--
-- Table structure for table `permissions`
--

CREATE TABLE `permissions` (
  `id` bigint(20) UNSIGNED NOT NULL,
  `name` varchar(255) COLLATE utf8mb4_unicode_ci NOT NULL,
  `display_name` varchar(255) COLLATE utf8mb4_unicode_ci DEFAULT NULL,
  `description` varchar(255) COLLATE utf8mb4_unicode_ci DEFAULT NULL,
  `created_at` timestamp NULL DEFAULT NULL,
  `updated_at` timestamp NULL DEFAULT NULL
) ENGINE=InnoDB DEFAULT CHARSET=utf8mb4 COLLATE=utf8mb4_unicode_ci;

--
-- Dumping data for table `permissions`
--

INSERT INTO `permissions` (`id`, `name`, `display_name`, `description`, `created_at`, `updated_at`) VALUES
(1, 'users-create', 'Create Users', 'Create Users', '2023-02-17 04:55:22', '2023-02-17 04:55:22'),
(2, 'users-read', 'Read Users', 'Read Users', '2023-02-17 04:55:22', '2023-02-17 04:55:22'),
(3, 'users-update', 'Update Users', 'Update Users', '2023-02-17 04:55:22', '2023-02-17 04:55:22'),
(4, 'users-delete', 'Delete Users', 'Delete Users', '2023-02-17 04:55:22', '2023-02-17 04:55:22'),
(5, 'payments-create', 'Create Payments', 'Create Payments', '2023-02-17 04:55:22', '2023-02-17 04:55:22'),
(6, 'payments-read', 'Read Payments', 'Read Payments', '2023-02-17 04:55:22', '2023-02-17 04:55:22'),
(7, 'payments-update', 'Update Payments', 'Update Payments', '2023-02-17 04:55:22', '2023-02-17 04:55:22'),
(8, 'payments-delete', 'Delete Payments', 'Delete Payments', '2023-02-17 04:55:22', '2023-02-17 04:55:22'),
(9, 'profile-read', 'Read Profile', 'Read Profile', '2023-02-17 04:55:22', '2023-02-17 04:55:22'),
(10, 'profile-update', 'Update Profile', 'Update Profile', '2023-02-17 04:55:22', '2023-02-17 04:55:22');

-- --------------------------------------------------------

--
-- Table structure for table `permission_role`
--

CREATE TABLE `permission_role` (
  `permission_id` bigint(20) UNSIGNED NOT NULL,
  `role_id` bigint(20) UNSIGNED NOT NULL
) ENGINE=InnoDB DEFAULT CHARSET=utf8mb4 COLLATE=utf8mb4_unicode_ci;

--
-- Dumping data for table `permission_role`
--

INSERT INTO `permission_role` (`permission_id`, `role_id`) VALUES
(1, 1),
(2, 1),
(3, 1),
(4, 1),
(5, 1),
(6, 1),
(7, 1),
(8, 1),
(9, 1),
(10, 1);

-- --------------------------------------------------------

--
-- Table structure for table `permission_user`
--

CREATE TABLE `permission_user` (
  `permission_id` bigint(20) UNSIGNED NOT NULL,
  `user_id` bigint(20) UNSIGNED NOT NULL,
  `user_type` varchar(255) COLLATE utf8mb4_unicode_ci NOT NULL
) ENGINE=InnoDB DEFAULT CHARSET=utf8mb4 COLLATE=utf8mb4_unicode_ci;

-- --------------------------------------------------------

--
-- Table structure for table `personal_access_tokens`
--

CREATE TABLE `personal_access_tokens` (
  `id` bigint(20) UNSIGNED NOT NULL,
  `tokenable_type` varchar(255) COLLATE utf8mb4_unicode_ci NOT NULL,
  `tokenable_id` bigint(20) UNSIGNED NOT NULL,
  `name` varchar(255) COLLATE utf8mb4_unicode_ci NOT NULL,
  `token` varchar(64) COLLATE utf8mb4_unicode_ci NOT NULL,
  `abilities` text COLLATE utf8mb4_unicode_ci DEFAULT NULL,
  `last_used_at` timestamp NULL DEFAULT NULL,
  `created_at` timestamp NULL DEFAULT NULL,
  `updated_at` timestamp NULL DEFAULT NULL
) ENGINE=InnoDB DEFAULT CHARSET=utf8mb4 COLLATE=utf8mb4_unicode_ci;

-- --------------------------------------------------------

--
-- Table structure for table `rent_heads`
--

CREATE TABLE `rent_heads` (
  `id` bigint(20) UNSIGNED NOT NULL,
  `name` varchar(255) COLLATE utf8mb4_unicode_ci NOT NULL,
  `code` varchar(255) COLLATE utf8mb4_unicode_ci NOT NULL,
  `type` tinyint(4) NOT NULL,
  `pay_type` tinyint(4) NOT NULL,
  `start_unit` tinyint(4) NOT NULL,
  `ppu` double(8,2) NOT NULL,
  `user_id` bigint(20) UNSIGNED NOT NULL,
  `created_at` timestamp NULL DEFAULT NULL,
  `updated_at` timestamp NULL DEFAULT NULL
) ENGINE=InnoDB DEFAULT CHARSET=utf8mb4 COLLATE=utf8mb4_unicode_ci;

-- --------------------------------------------------------

--
-- Table structure for table `rent_items`
--

CREATE TABLE `rent_items` (
  `id` bigint(20) UNSIGNED NOT NULL,
  `rent_profile_id` bigint(20) UNSIGNED NOT NULL,
  `rent_head_id` bigint(20) UNSIGNED NOT NULL,
  `sf` double(8,2) NOT NULL,
  `ppsf` double(8,2) NOT NULL,
  `unit` double(8,2) NOT NULL,
  `ppu` double(8,2) NOT NULL,
  `amount` double(8,2) NOT NULL,
  `status` tinyint(4) NOT NULL,
  `user_id` bigint(20) UNSIGNED NOT NULL,
  `remarks` varchar(255) COLLATE utf8mb4_unicode_ci NOT NULL,
  `created_at` timestamp NULL DEFAULT NULL,
  `updated_at` timestamp NULL DEFAULT NULL
) ENGINE=InnoDB DEFAULT CHARSET=utf8mb4 COLLATE=utf8mb4_unicode_ci;

-- --------------------------------------------------------

--
-- Table structure for table `rent_profiles`
--

CREATE TABLE `rent_profiles` (
  `id` bigint(20) UNSIGNED NOT NULL,
  `name` varchar(255) COLLATE utf8mb4_unicode_ci NOT NULL,
  `code` varchar(255) COLLATE utf8mb4_unicode_ci DEFAULT NULL,
  `status` tinyint(4) NOT NULL,
  `user_id` bigint(20) UNSIGNED NOT NULL,
  `created_at` timestamp NULL DEFAULT NULL,
  `updated_at` timestamp NULL DEFAULT NULL
) ENGINE=InnoDB DEFAULT CHARSET=utf8mb4 COLLATE=utf8mb4_unicode_ci;

-- --------------------------------------------------------

--
-- Table structure for table `roles`
--

CREATE TABLE `roles` (
  `id` bigint(20) UNSIGNED NOT NULL,
  `name` varchar(255) COLLATE utf8mb4_unicode_ci NOT NULL,
  `display_name` varchar(255) COLLATE utf8mb4_unicode_ci DEFAULT NULL,
  `description` varchar(255) COLLATE utf8mb4_unicode_ci DEFAULT NULL,
  `created_at` timestamp NULL DEFAULT NULL,
  `updated_at` timestamp NULL DEFAULT NULL
) ENGINE=InnoDB DEFAULT CHARSET=utf8mb4 COLLATE=utf8mb4_unicode_ci;

--
-- Dumping data for table `roles`
--

INSERT INTO `roles` (`id`, `name`, `display_name`, `description`, `created_at`, `updated_at`) VALUES
(1, 'superadministrator', 'Superadministrator', 'Superadministrator', '2023-02-17 04:55:22', '2023-02-17 04:55:22');

-- --------------------------------------------------------

--
-- Table structure for table `role_user`
--

CREATE TABLE `role_user` (
  `role_id` bigint(20) UNSIGNED NOT NULL,
  `user_id` bigint(20) UNSIGNED NOT NULL,
  `user_type` varchar(255) COLLATE utf8mb4_unicode_ci NOT NULL
) ENGINE=InnoDB DEFAULT CHARSET=utf8mb4 COLLATE=utf8mb4_unicode_ci;

-- --------------------------------------------------------

--
-- Table structure for table `tenants`
--

CREATE TABLE `tenants` (
  `id` bigint(20) UNSIGNED NOT NULL,
  `name` varchar(255) COLLATE utf8mb4_unicode_ci NOT NULL,
  `code` varchar(255) COLLATE utf8mb4_unicode_ci NOT NULL,
  `email` varchar(255) COLLATE utf8mb4_unicode_ci NOT NULL,
  `mobile` tinyint(4) NOT NULL,
  `nid` bigint(20) UNSIGNED NOT NULL,
  `image` varchar(255) COLLATE utf8mb4_unicode_ci NOT NULL,
  `occupation` varchar(255) COLLATE utf8mb4_unicode_ci NOT NULL,
  `designation` varchar(255) COLLATE utf8mb4_unicode_ci NOT NULL,
  `contact_start` date NOT NULL,
  `contact_end` date NOT NULL,
  `present_address` text COLLATE utf8mb4_unicode_ci DEFAULT NULL,
  `permanent_address` text COLLATE utf8mb4_unicode_ci NOT NULL,
  `official_address` text COLLATE utf8mb4_unicode_ci DEFAULT NULL,
  `rent_profile_id` bigint(20) UNSIGNED NOT NULL,
  `exit_date` date DEFAULT NULL,
  `user_id` bigint(20) UNSIGNED NOT NULL,
  `created_at` timestamp NULL DEFAULT NULL,
  `updated_at` timestamp NULL DEFAULT NULL
) ENGINE=InnoDB DEFAULT CHARSET=utf8mb4 COLLATE=utf8mb4_unicode_ci;

-- --------------------------------------------------------

--
-- Table structure for table `tenant_houses`
--

CREATE TABLE `tenant_houses` (
  `id` bigint(20) UNSIGNED NOT NULL,
  `tenant_id` bigint(20) UNSIGNED NOT NULL,
  `house_id` bigint(20) UNSIGNED NOT NULL,
  `floor_id` bigint(20) UNSIGNED NOT NULL,
  `unit_id` bigint(20) UNSIGNED NOT NULL,
  `advance` double(8,2) NOT NULL,
  `user_id` bigint(20) UNSIGNED NOT NULL,
  `created_at` timestamp NULL DEFAULT NULL,
  `updated_at` timestamp NULL DEFAULT NULL
) ENGINE=InnoDB DEFAULT CHARSET=utf8mb4 COLLATE=utf8mb4_unicode_ci;

-- --------------------------------------------------------

--
-- Table structure for table `units`
--

CREATE TABLE `units` (
  `id` bigint(20) UNSIGNED NOT NULL,
  `house_id` bigint(20) UNSIGNED NOT NULL,
  `floor_id` bigint(20) UNSIGNED NOT NULL,
  `name` varchar(255) COLLATE utf8mb4_unicode_ci NOT NULL,
  `code` varchar(255) COLLATE utf8mb4_unicode_ci NOT NULL,
  `type` tinyint(4) DEFAULT NULL,
  `area_sf` double(8,2) NOT NULL,
  `rent_per_sf` double(8,2) NOT NULL,
  `status` tinyint(4) NOT NULL,
  `user_id` bigint(20) NOT NULL,
  `deleted_at` timestamp NULL DEFAULT current_timestamp(),
  `created_at` timestamp NULL DEFAULT NULL,
  `updated_at` timestamp NULL DEFAULT NULL
) ENGINE=InnoDB DEFAULT CHARSET=utf8mb4 COLLATE=utf8mb4_unicode_ci;

--
-- Dumping data for table `units`
--

INSERT INTO `units` (`id`, `house_id`, `floor_id`, `name`, `code`, `type`, `area_sf`, `rent_per_sf`, `status`, `user_id`, `deleted_at`, `created_at`, `updated_at`) VALUES
(2, 2, 4, '3A/S/D', 'U0012', 2, 5345.00, 24.60, 1, 3, '2023-02-23 13:18:41', '2023-02-23 07:18:41', '2023-02-23 07:18:41');

-- --------------------------------------------------------

--
-- Table structure for table `users`
--

CREATE TABLE `users` (
  `id` bigint(20) UNSIGNED NOT NULL,
  `name` varchar(255) COLLATE utf8mb4_unicode_ci NOT NULL,
  `email` varchar(255) COLLATE utf8mb4_unicode_ci NOT NULL,
  `email_verified_at` timestamp NULL DEFAULT NULL,
  `mobile_verified_at` timestamp NULL DEFAULT NULL,
  `password` varchar(255) COLLATE utf8mb4_unicode_ci NOT NULL,
  `mobile` varchar(20) COLLATE utf8mb4_unicode_ci DEFAULT NULL,
  `image` varchar(255) COLLATE utf8mb4_unicode_ci DEFAULT NULL,
  `user_id` varchar(255) COLLATE utf8mb4_unicode_ci NOT NULL,
  `remember_token` varchar(100) COLLATE utf8mb4_unicode_ci DEFAULT NULL,
  `status` tinyint(4) NOT NULL,
  `deleted_at` timestamp NULL DEFAULT NULL,
  `created_at` timestamp NULL DEFAULT NULL,
  `updated_at` timestamp NULL DEFAULT NULL
) ENGINE=InnoDB DEFAULT CHARSET=utf8mb4 COLLATE=utf8mb4_unicode_ci;

--
-- Dumping data for table `users`
--

INSERT INTO `users` (`id`, `name`, `email`, `email_verified_at`, `mobile_verified_at`, `password`, `mobile`, `image`, `user_id`, `remember_token`, `status`, `deleted_at`, `created_at`, `updated_at`) VALUES
(1, 'Kaisir Ahmed Lira', 'kaisir23515@gmail.com', NULL, NULL, '$2y$10$Wftid5hsbO07ML5bKcCNvu9Cn3dD5NUz7MsEx1BMgzzNVGWFNbYrS', '01571704763', NULL, '', NULL, 1, NULL, '2023-02-18 02:11:49', '2023-02-19 21:51:12'),
(3, 'Kaisir Ahmed Oly', 'kaisir2315@gmail.com', NULL, NULL, '$2y$10$soKmYtXw8vtMcjex0EumoenbH.L94fvfd.X3XDPTkcdQKhuksIq8m', '01571747633', NULL, '', 'gOHNlnWvsn5y9Fvj8TVLX36BbWykAz3Yfzl9dryCRqz70oL6cIIhTqOFYWwm', 1, NULL, '2023-02-18 02:38:56', '2023-02-19 13:19:17'),
(5, 'lira', 'lira@gmail.com', NULL, NULL, '$2y$10$vrFdGHwrPBApcDsCXt9oNeazx4PYd3rpNTLNV8gIniNhobipJ6.Fm', '01571704763', NULL, '3', NULL, 1, '2023-02-19 21:39:04', '2023-02-18 11:43:24', '2023-02-19 21:39:04'),
(6, 'Lira', 'lira23@gmail.com', NULL, NULL, '$2y$10$F.hQnEwWZs/7Tv0h4Cgzz.vxQuKpm2FnwsW3DtY7ZZ4.EJE1TEUTG', '01571704763', NULL, '', NULL, 1, NULL, '2023-02-18 11:44:39', '2023-02-19 21:32:02'),
(7, 'liraakter', 'lirakter@gmail.com', NULL, NULL, '$2y$10$nyc79ZgmxDugC8zm5SZVy.HWaZi82n0oyIDLS1BYHYzEhVkjw18Ky', '01571704762', NULL, '', NULL, 1, '2023-02-19 21:37:44', '2023-02-18 11:46:14', '2023-02-19 21:37:44'),
(8, 'Kaisir', 'kaisir@lafarge.com', NULL, NULL, '$2y$10$ldbsA6JGewNbN.imX35w1OfCN.WLt2cp7bqMTvl6Hix68BVhSXSzy', '01571704763', NULL, '', NULL, 1, '2023-02-19 21:36:51', '2023-02-18 12:14:33', '2023-02-19 21:36:51'),
(9, 'Lira Akter', 'lira01@gmail.com', NULL, NULL, '$2y$10$vt0iyLr3m12lnUvCUziK0OVeYtmQZM7rZLegsT4KC4VFotWvTit5q', '01916040321', NULL, '8', NULL, 0, '2023-02-19 21:29:57', '2023-02-18 12:42:51', '2023-02-19 21:29:57');

--
-- Indexes for dumped tables
--

--
-- Indexes for table `accounts`
--
ALTER TABLE `accounts`
  ADD PRIMARY KEY (`id`);

--
-- Indexes for table `banks`
--
ALTER TABLE `banks`
  ADD PRIMARY KEY (`id`);

--
-- Indexes for table `failed_jobs`
--
ALTER TABLE `failed_jobs`
  ADD PRIMARY KEY (`id`),
  ADD UNIQUE KEY `failed_jobs_uuid_unique` (`uuid`);

--
-- Indexes for table `floors`
--
ALTER TABLE `floors`
  ADD PRIMARY KEY (`id`);

--
-- Indexes for table `houses`
--
ALTER TABLE `houses`
  ADD PRIMARY KEY (`id`);

--
-- Indexes for table `house_rents`
--
ALTER TABLE `house_rents`
  ADD PRIMARY KEY (`id`);

--
-- Indexes for table `increments`
--
ALTER TABLE `increments`
  ADD PRIMARY KEY (`id`);

--
-- Indexes for table `janitors`
--
ALTER TABLE `janitors`
  ADD PRIMARY KEY (`id`);

--
-- Indexes for table `journals`
--
ALTER TABLE `journals`
  ADD PRIMARY KEY (`id`);

--
-- Indexes for table `journal_items`
--
ALTER TABLE `journal_items`
  ADD PRIMARY KEY (`id`);

--
-- Indexes for table `master_invoices`
--
ALTER TABLE `master_invoices`
  ADD PRIMARY KEY (`id`);

--
-- Indexes for table `migrations`
--
ALTER TABLE `migrations`
  ADD PRIMARY KEY (`id`);

--
-- Indexes for table `password_reset`
--
ALTER TABLE `password_reset`
  ADD KEY `password_reset_email_index` (`email`);

--
-- Indexes for table `password_resets`
--
ALTER TABLE `password_resets`
  ADD KEY `password_resets_email_index` (`email`);

--
-- Indexes for table `payments`
--
ALTER TABLE `payments`
  ADD PRIMARY KEY (`id`);

--
-- Indexes for table `permissions`
--
ALTER TABLE `permissions`
  ADD PRIMARY KEY (`id`),
  ADD UNIQUE KEY `permissions_name_unique` (`name`);

--
-- Indexes for table `permission_role`
--
ALTER TABLE `permission_role`
  ADD PRIMARY KEY (`permission_id`,`role_id`),
  ADD KEY `permission_role_role_id_foreign` (`role_id`);

--
-- Indexes for table `permission_user`
--
ALTER TABLE `permission_user`
  ADD PRIMARY KEY (`user_id`,`permission_id`,`user_type`),
  ADD KEY `permission_user_permission_id_foreign` (`permission_id`);

--
-- Indexes for table `personal_access_tokens`
--
ALTER TABLE `personal_access_tokens`
  ADD PRIMARY KEY (`id`),
  ADD UNIQUE KEY `personal_access_tokens_token_unique` (`token`),
  ADD KEY `personal_access_tokens_tokenable_type_tokenable_id_index` (`tokenable_type`,`tokenable_id`);

--
-- Indexes for table `rent_heads`
--
ALTER TABLE `rent_heads`
  ADD PRIMARY KEY (`id`);

--
-- Indexes for table `rent_items`
--
ALTER TABLE `rent_items`
  ADD PRIMARY KEY (`id`);

--
-- Indexes for table `rent_profiles`
--
ALTER TABLE `rent_profiles`
  ADD PRIMARY KEY (`id`);

--
-- Indexes for table `roles`
--
ALTER TABLE `roles`
  ADD PRIMARY KEY (`id`),
  ADD UNIQUE KEY `roles_name_unique` (`name`);

--
-- Indexes for table `role_user`
--
ALTER TABLE `role_user`
  ADD PRIMARY KEY (`user_id`,`role_id`,`user_type`),
  ADD KEY `role_user_role_id_foreign` (`role_id`);

--
-- Indexes for table `tenants`
--
ALTER TABLE `tenants`
  ADD PRIMARY KEY (`id`),
  ADD UNIQUE KEY `tenants_email_unique` (`email`),
  ADD UNIQUE KEY `tenants_mobile_unique` (`mobile`),
  ADD UNIQUE KEY `tenants_nid_unique` (`nid`);

--
-- Indexes for table `tenant_houses`
--
ALTER TABLE `tenant_houses`
  ADD PRIMARY KEY (`id`);

--
-- Indexes for table `units`
--
ALTER TABLE `units`
  ADD PRIMARY KEY (`id`);

--
-- Indexes for table `users`
--
ALTER TABLE `users`
  ADD PRIMARY KEY (`id`),
  ADD UNIQUE KEY `users_email_unique` (`email`);

--
-- AUTO_INCREMENT for dumped tables
--

--
-- AUTO_INCREMENT for table `accounts`
--
ALTER TABLE `accounts`
  MODIFY `id` bigint(20) UNSIGNED NOT NULL AUTO_INCREMENT;

--
-- AUTO_INCREMENT for table `banks`
--
ALTER TABLE `banks`
  MODIFY `id` bigint(20) UNSIGNED NOT NULL AUTO_INCREMENT;

--
-- AUTO_INCREMENT for table `failed_jobs`
--
ALTER TABLE `failed_jobs`
  MODIFY `id` bigint(20) UNSIGNED NOT NULL AUTO_INCREMENT;

--
-- AUTO_INCREMENT for table `floors`
--
ALTER TABLE `floors`
  MODIFY `id` bigint(20) UNSIGNED NOT NULL AUTO_INCREMENT, AUTO_INCREMENT=5;

--
-- AUTO_INCREMENT for table `houses`
--
ALTER TABLE `houses`
  MODIFY `id` bigint(20) UNSIGNED NOT NULL AUTO_INCREMENT, AUTO_INCREMENT=3;

--
-- AUTO_INCREMENT for table `house_rents`
--
ALTER TABLE `house_rents`
  MODIFY `id` bigint(20) UNSIGNED NOT NULL AUTO_INCREMENT;

--
-- AUTO_INCREMENT for table `increments`
--
ALTER TABLE `increments`
  MODIFY `id` bigint(20) UNSIGNED NOT NULL AUTO_INCREMENT;

--
-- AUTO_INCREMENT for table `janitors`
--
ALTER TABLE `janitors`
  MODIFY `id` bigint(20) UNSIGNED NOT NULL AUTO_INCREMENT, AUTO_INCREMENT=4;

--
-- AUTO_INCREMENT for table `journals`
--
ALTER TABLE `journals`
  MODIFY `id` bigint(20) UNSIGNED NOT NULL AUTO_INCREMENT;

--
-- AUTO_INCREMENT for table `journal_items`
--
ALTER TABLE `journal_items`
  MODIFY `id` bigint(20) UNSIGNED NOT NULL AUTO_INCREMENT;

--
-- AUTO_INCREMENT for table `master_invoices`
--
ALTER TABLE `master_invoices`
  MODIFY `id` bigint(20) UNSIGNED NOT NULL AUTO_INCREMENT;

--
-- AUTO_INCREMENT for table `migrations`
--
ALTER TABLE `migrations`
  MODIFY `id` int(10) UNSIGNED NOT NULL AUTO_INCREMENT, AUTO_INCREMENT=24;

--
-- AUTO_INCREMENT for table `payments`
--
ALTER TABLE `payments`
  MODIFY `id` bigint(20) UNSIGNED NOT NULL AUTO_INCREMENT;

--
-- AUTO_INCREMENT for table `permissions`
--
ALTER TABLE `permissions`
  MODIFY `id` bigint(20) UNSIGNED NOT NULL AUTO_INCREMENT, AUTO_INCREMENT=11;

--
-- AUTO_INCREMENT for table `personal_access_tokens`
--
ALTER TABLE `personal_access_tokens`
  MODIFY `id` bigint(20) UNSIGNED NOT NULL AUTO_INCREMENT;

--
-- AUTO_INCREMENT for table `rent_heads`
--
ALTER TABLE `rent_heads`
  MODIFY `id` bigint(20) UNSIGNED NOT NULL AUTO_INCREMENT;

--
-- AUTO_INCREMENT for table `rent_items`
--
ALTER TABLE `rent_items`
  MODIFY `id` bigint(20) UNSIGNED NOT NULL AUTO_INCREMENT;

--
-- AUTO_INCREMENT for table `rent_profiles`
--
ALTER TABLE `rent_profiles`
  MODIFY `id` bigint(20) UNSIGNED NOT NULL AUTO_INCREMENT;

--
-- AUTO_INCREMENT for table `roles`
--
ALTER TABLE `roles`
  MODIFY `id` bigint(20) UNSIGNED NOT NULL AUTO_INCREMENT, AUTO_INCREMENT=2;

--
-- AUTO_INCREMENT for table `tenants`
--
ALTER TABLE `tenants`
  MODIFY `id` bigint(20) UNSIGNED NOT NULL AUTO_INCREMENT;

--
-- AUTO_INCREMENT for table `tenant_houses`
--
ALTER TABLE `tenant_houses`
  MODIFY `id` bigint(20) UNSIGNED NOT NULL AUTO_INCREMENT;

--
-- AUTO_INCREMENT for table `units`
--
ALTER TABLE `units`
  MODIFY `id` bigint(20) UNSIGNED NOT NULL AUTO_INCREMENT, AUTO_INCREMENT=3;

--
-- AUTO_INCREMENT for table `users`
--
ALTER TABLE `users`
  MODIFY `id` bigint(20) UNSIGNED NOT NULL AUTO_INCREMENT, AUTO_INCREMENT=10;

--
-- Constraints for dumped tables
--

--
-- Constraints for table `permission_role`
--
ALTER TABLE `permission_role`
  ADD CONSTRAINT `permission_role_permission_id_foreign` FOREIGN KEY (`permission_id`) REFERENCES `permissions` (`id`) ON DELETE CASCADE ON UPDATE CASCADE,
  ADD CONSTRAINT `permission_role_role_id_foreign` FOREIGN KEY (`role_id`) REFERENCES `roles` (`id`) ON DELETE CASCADE ON UPDATE CASCADE;

--
-- Constraints for table `permission_user`
--
ALTER TABLE `permission_user`
  ADD CONSTRAINT `permission_user_permission_id_foreign` FOREIGN KEY (`permission_id`) REFERENCES `permissions` (`id`) ON DELETE CASCADE ON UPDATE CASCADE;

--
-- Constraints for table `role_user`
--
ALTER TABLE `role_user`
  ADD CONSTRAINT `role_user_role_id_foreign` FOREIGN KEY (`role_id`) REFERENCES `roles` (`id`) ON DELETE CASCADE ON UPDATE CASCADE;
COMMIT;

